**2. Give n(7).
0
Let w = -2 - -1. Let c(q) be the third derivative of 0*q - 1/60*q**5 - 1/24*q**4 + 0 + q**2 - 1/6*q**3. Give c(w).
-1
Let t(f) be the first derivative of f**5/60 - f**4/4 - 4*f**3/3 - 2*f**2 - 3. Let d(u) be the second derivative of t(u). Determine d(7).
-1
Let x(d) = 1 + 5*d**2 + 0*d**2 - d - 6*d**2. Let s(h) = 3*h**2 + 8*h + 3. Let r(c) = s(c) + 4*x(c). Let k be 1/((-3)/(-24)) + -3. Give r(k).
2
Let o(b) = -7*b - 4. Let v(z) = 15*z + 8. Let a(h) = -13*o(h) - 6*v(h). Let j(d) = -d - 6. Let g be j(-2). Calculate a(g).
0
Let p(d) = -4*d**3 + 5*d**3 + 7*d**2 + d - 3*d**2 - 7*d**2 + 1. Give p(3).
4
Suppose -h + 5*s + 5 = -0*s, 0 = 2*h + 2*s + 14. Let p(c) = c**2 + 5*c - 7. What is p(h)?
-7
Let u(i) be the third derivative of -i**6/360 - i**5/15 - 7*i**4/24 - i**3 + 4*i**2. Let m(o) be the first derivative of u(o). What is m(-6)?
5
Let u(a) = 4*a**3 + 12*a**2 + 3*a + 19. Let z(k) = -6 + 2*k - 4*k**2 - 3*k - k**3 + 0*k**2. Let s = -7 - 0. Let r(t) = s*z(t) - 2*u(t). What is r(4)?
8
Suppose 4*y = 7 + 5. Let k(r) = r**2 - 4*r**2 - y*r - 3 + 4*r**2. Let u(f) = f - 1. Let m be u(5). What is k(m)?
1
Let i(j) = -j**2 + j + 1. Let x(q) = -7*q**2 - 2*q + 3. Let b(w) = 6*i(w) - x(w). Give b(-3).
-12
Let w(n) = 3*n**2 - n. Let z be w(1). Let t(f) = -f**3 + 6*f**2 - 2*f + 5. Let a(x) = 2*x**3 - 13*x**2 + 4*x - 10. Let g(l) = z*a(l) + 5*t(l). What is g(4)?
-3
Suppose 4*g - y = -107, 4*g + 3*y + 25 = -70. Let h = 9 + g. Let z = -12 - h. Let a(w) = -w**3 + 4*w**2 + 4*w + 7. Give a(z).
2
Let v(x) = 6*x + 5. Let f be (-16 - -4)*(-2)/4. Let b(s) = -5*s - 4. Let t(m) = f*v(m) + 7*b(m). Calculate t(2).
4
Let m(l) be the second derivative of l**3/6 + 5*l**2 + 10*l. Give m(-7).
3
Let a(v) = -v**3 - 3*v**2 + 4*v + 2. Let c = -42 + 38. What is a(c)?
2
Let g(d) = d + 1. Let o(y) = -2*y - 10. Let j = 4 + -5. Let h(f) = j*g(f) - o(f). Let s be h(-7). Let p(c) = c**2 - 3*c + 3. Give p(s).
1
Let x(i) = i**2 - 4*i + 6. Suppose -21 = -2*l + 5*y, -3*l + 0*y - 5*y - 31 = 0. Let v be l/(-3)*(0 - -6). Calculate x(v).
6
Let c(v) be the second derivative of v**7/2520 + v**6/720 - v**5/40 - v**4/6 + 2*v. Let x(t) be the third derivative of c(t). What is x(-3)?
3
Let r(p) = -p**3 - 6*p**2 - 3*p + 2. Suppose 0*z + 4*z - 20 = 0. Suppose 3*v - 2*v = -z. Determine r(v).
-8
Let n(w) = 3*w**2 - 6*w + 0*w + w**2 + w**3 - 6 + w**2. Let g = 6 - 12. What is n(g)?
-6
Let b = -31 - -17. Let j be 2/8 + b/(-8). Let l(w) = 2 - j + 3*w. What is l(1)?
3
Let o(x) = -9*x**3 - 1 - 12*x**2 - 9*x**2 - 11*x**2 + 33*x**2. Determine o(1).
-9
Let q = -60 + 57. Let c(s) = s + 1. What is c(q)?
-2
Let f(t) = t - 2. Let s(a) = a - 2. Let q(g) = 4*f(g) - 5*s(g). Give q(-5).
7
Let x(n) be the second derivative of -n**3/6 + 7*n**2/2 - 16*n. Give x(0).
7
Let c(l) = -10*l**3 - 8*l**2 - 11*l - 5. Let u(q) = -3*q**3 - 3*q**2 - 4*q - 2. Let k(w) = -2*c(w) + 7*u(w). Suppose 2*v - 15 = 5*y + 2, -5 = y. Give k(v).
4
Let c(g) = -g**3 - 6*g**2 - 2. Suppose -s = 8 - 2. What is c(s)?
-2
Let t(g) = 1. Let u(j) = -j + 8. Let b(x) = 6*t(x) - u(x). Determine b(9).
7
Let c(q) = -3*q + 2*q + 0*q**2 + 2*q**2 + 2*q + 2. What is c(2)?
12
Let v be (-34)/(-6) - 1/(-3). Let o(f) = -f**3 + f**2 - 1. Let u(b) = -6*b**2 + 5*b + 5. Let p(c) = -o(c) + u(c). Determine p(v).
0
Suppose -2*j - 24 = 2*u, 5*u + 16 + 37 = -4*j. Let z(v) = -v**2 - 8*v + 9. Determine z(j).
16
Let y(g) = g. Let z be y(-1). Let u(h) = h**2 - h. Let f be ((-5)/(-2))/(2/(-4)). Let a(b) = -2*b**2 + 3*b - 1. Let n(d) = f*u(d) - a(d). Give n(z).
-4
Let x = -7 - -6. Let q(j) = 2*j**2 - j + 1. Let s(o) = o**2 - o - 1. Let k(l) = -q(l) + s(l). Let p(b) be the first derivative of k(b). What is p(x)?
2
Let n(x) = x**2 - 4*x - 25. Let z be n(7). Let c(l) be the second derivative of -l**4/12 - 2*l**3/3 + 3*l**2/2 + l. Determine c(z).
3
Let r be 4/(-6) + 52/(-12). Let v(b) = 5*b**3 - 20*b**2 + 17*b + 37. Let w(m) = m**3 - 5*m**2 + 4*m + 9. Let c(k) = 2*v(k) - 9*w(k). What is c(r)?
3
Let x(f) = 3*f**3 - 5*f**2 - 5*f - 2. Let a(n) = n**3 + n. Let c(u) = -2*a(u) + x(u). Determine c(6).
-8
Let u(a) = 3*a + 4. Let t(v) = 5*v + 8. Let y(b) = 4*t(b) - 7*u(b). Let s = 13 - 18. Calculate y(s).
9
Let x(b) = -b**2 + 6*b - 1. Let g = 56 - 51. Give x(g).
4
Let x = -1 + 3. Let i(l) = l**2 - 5*l + 2. Let s(g) = g. Let q(a) = i(a) + 4*s(a). What is q(x)?
4
Let w(c) = -11*c + 7. Let d(q) = 23*q - 15. Let s be (4 - 1) + -11 + -1. Let g(f) = s*w(f) - 4*d(f). Determine g(2).
11
Suppose -k = -2*u + 18, -1 = -3*k - 4*u - 5. Let a(x) = 2*x + 8. Determine a(k).
-8
Let c(j) = 6*j**2 + 9 - 8 + 0*j**2 + j**2. Calculate c(-1).
8
Let i(p) = -1 - 5*p**2 - 4*p - p**3 + 2 + 0*p**3. Suppose 0 = -k - 4*u + 13, k + 7*u - 9 = 4*u. What is i(k)?
-5
Let k(o) = o. Suppose 4*n = -7 - 13. Determine k(n).
-5
Suppose -5 = 5*i - 0. Let w(c) be the second derivative of 3*c**8/2240 - c**6/720 - c**4/6 - 3*c. Let j(n) be the third derivative of w(n). Give j(i).
-8
Suppose -19 = 2*n + 2*n + 3*x, 0 = -4*n + 3*x - 37. Let l = n + 12. Let y(w) = 1 - w**2 + 6*w + 3 - 3. What is y(l)?
6
Suppose -3*h - 2 = 19. Let n = 8 + h. Let x(i) = 8*i + 1. Calculate x(n).
9
Let d(k) = k**3 - 3*k - 3. Let y(o) = -2*o**2 - 3*o. Let u be y(-2). What is d(u)?
-5
Let b(p) = -4*p + 2 - 7 + 3*p - 1. Determine b(-9).
3
Suppose 5*y - 6*t + 2*t - 28 = 0, -3*y = 5*t - 2. Let m(h) = -y*h**2 + 0*h**3 - h**2 - h + h**3. Give m(5).
-5
Let m(b) = b**3 - 12*b**2 + 2*b - 15. Let q be m(12). Let r(j) = -j + 17. Calculate r(q).
8
Let x(z) = 11*z**2 + 5*z - 26. Let g(o) = 4*o**2 + 2*o - 9. Let s(t) = -8*g(t) + 3*x(t). Let w(f) = f**3 + 5*f**2 + f + 5. Let p be w(-5). Determine s(p).
-6
Let u(y) = y + 6. Let h = 128 - 131. Calculate u(h).
3
Let y(m) = -m + 1. Let t = 6 - 0. Let z(k) = 5*k - 7. Let g(f) = t*y(f) + z(f). Give g(4).
-5
Suppose 0 = -l - 0*l + 9. Suppose 2 = -r + 3, c - 3*r = -l. Let y(j) = -j**3 - 7*j**2 - 6*j + 5. Calculate y(c).
5
Let m(v) = -4*v + 3. Let q = 11 + -3. Let j be 4/2*(-4)/q. Let d be 1/((-1)/(j + -2)). Determine m(d).
-9
Let b(k) = -3*k - 6. Suppose -3*m + m + 3*d - 44 = 0, 0 = -5*m - d - 93. Let v = -23 - m. Determine b(v).
6
Let l(i) = 6*i**3 - 12*i**2 + 7*i - 8. Let z(y) = -y**3 + y**2 - y. Let p(m) = l(m) + 5*z(m). What is p(7)?
6
Let k(p) = p**3 - p**2 - 3*p - 2. Let o(u) = 2*u - 14. Let q be o(11). Suppose q*z = a + 3*z + 27, 2*z = 3*a + 16. Give k(a).
-8
Let b be ((-50)/(-35))/(-5) - (-9)/7. Let r(q) = 3*q**2 - 2*q + 1. Calculate r(b).
2
Let g = -18 + 11. Let f be (-2)/7 + (-16)/g. Let d(k) = 2*k**f - 2 + 1 + k**3 + 3*k**2 + 0*k - 6*k. Calculate d(-6).
-1
Suppose 0 - 12 = 3*o. Let u(g) = -g**3 - 4*g**2 + 3*g + 2. Give u(o).
-10
Let l(q) = -q**2 + 8*q - 2. Suppose 3*v - 14 = p, v + 0*p = 3*p + 2. Give l(v).
13
Let q = 15 + -11. Suppose q*u = 2 + 10. Let r(d) = -2*d - 2. Give r(u).
-8
Let m(c) = -c**2 + 3*c - 4. Let j(u) = 2*u**2 + 3*u + 1 + 1 - 7*u - u**3. Let g be j(2). Let v be g*((-6)/(-9))/(-1). Determine m(v).
-8
Let g(m) = -4*m**2 - 6*m + 6. Let p(b) = 5*b**2 + 7*b - 6. Suppose -4*w = 12 + 8. Let n(r) = w*p(r) - 6*g(r). Calculate n(0).
-6
Let b(l) = 4*l**2 + 0*l**2 - 1 - 3*l**2 + l. Let s(c) = 3*c**2 - 2*c + 4. Let t(w) = 2*b(w) - s(w). Give t(4).
-6
Let z be -1*((-9)/3 + -1). Suppose 28 = -4*c - z*f, -c + 3*c = f - 2. Let x(h) = -h**3 - 4*h**2 + 3. Give x(c).
-6
Let l(i) be the second derivative of -i**5/20 + 2*i**4/3 + i**3/6 - 7*i**2/2 + 20*i. Calculate l(8).
1
Let z(v) = -3*v - 2. Let m(a) = -3*a - 7*a - 8*a + 5*a - 9. Let j(o) = 2*m(o) - 9*z(o). Give j(3).
3
Let q(p) = -p**3 - 9*p**2 - 7*p + 11. Let g be q(-8). Let o(r) = -g*r - 3*r + 6*r + r - 1. Calculate o(3).
2
Let t(a) be the second derivative of -a**3 + 0 + 1/6*a**4 - 2*a - 5/2*a**2. Calculate t(5).
15
Let k(f) = 7*f + 5. Let s(i) = 13*i + 9. Let j(b) = -11*k(b) + 6*s(b). Let q = -7 - -13. Suppose 2*w + w - q = 0. What is j(w)?
1
Let k = 5 + -9. Let m(n) = 7*n**3 + 11*n**2 - 11*n + 6. Let t(y) = 3*y**3 + 5*y**2 - 5*y + 3. Let l(p) = k*m(p) + 9*t(p). Let d = 0 - 0. Determine l(d).
3
Let x = -8 - -13. Let h(c) = c**2 - 4*c - 1. Let f be h(x). Let d(q) = q**3 - 6*q**2 + 4*q + 5. Calculate d(f).
-11
Let c(v) be the first derivative of -v**2/2 + v - 3. What is c(3)?
-2
Suppose v - 3 - 7 = 0. Let u = -11 + v. Let x(g) = g. What is x(u)?
-1
Let l(t) = -t -